he prime factors of 17/((-51)/12) + p.
2, 61
Let x(c) be the second derivative of -c**3 + c**2 - 3*c + 169. Let b be (2 - 0)*6/(-4). What are the prime factors of x(b)?
2, 5
Let j be -3 + (-50)/(-15) + (-7)/3. Let m be 5/(-10)*j*461. Suppose -5*p - u = 3*u - 740, 3*p - u = m. List the prime factors of p.
2, 19
Suppose 10*j + j + 55 = 0. List the prime factors of (j/2)/((-29)/3480).
2, 3, 5
Let g = -23078 - -57475. List the prime factors of g.
11, 53, 59
Suppose 14*q = 4736 + 14808. Let o = 2124 - q. What are the prime factors of o?
2, 7, 13
Let o(w) = 31*w + 4. Let h be o(7). Suppose -4*b + 13*b - 484 + 439 = 0. Suppose b*x - h = 644. List the prime factors of x.
173
Let c(l) = 16*l**2 + 5*l. Let x(p) = 3*p**2 + p. Let y(t) = -2*c(t) + 11*x(t). Let a be y(1). Let z = a - -60. List the prime factors of z.
2, 31
Let x(r) = 273*r**2 - 671*r - 8130. List the prime factors of x(-12).
2, 3, 13, 503
Let x = -327 + 329. Suppose -19041 = -31*n - x*n. List the prime factors of n.
577
Let z be (-970)/300*-172 + (-2)/15. Let m = z + -97. List the prime factors of m.
3, 17
Suppose 3*b = 5*x + 25889 - 79412, 5*b = 20. What are the prime factors of x?
3, 43, 83
Let b(r) = -1 - r**3 - 27*r**2 - 2*r - 6*r - 5 + 42*r**2. Let v be b(11). Suppose v = 7*y - 2*y. What are the prime factors of y?
2, 3, 13
Let c(r) = -12*r**3 - 4*r**2 - 12*r - 40. Let s(w) = 4*w**3 - 3*w**2 - 4*w. Let a be s(-1). List the prime factors of c(a).
2, 71
Let r(t) = -37 + 171*t - 94*t - 88*t. Let a be r(-20). Suppose 6*k - a = 5*k. List the prime factors of k.
3, 61
Let v = 42075 + -28893. What are the prime factors of v?
2, 3, 13
Let a(c) = -42 + 4*c - 8 - c + c. Let g be a(6). What are the prime factors of (-1278)/g + (28/(-13) - -2)?
7
Let l(d) = 11*d**2 - 91*d - 791. List the prime factors of l(-30).
11839
Suppose -2*a = 3*z - 4, 1 = -2*z + a + 13. Suppose g = z*r + 340, 3*g + 2*r - 651 - 383 = 0. List the prime factors of g.
2, 43
Let d = 89165 + -53339. What are the prime factors of d?
2, 3, 7, 853
Let d be 2 + 3 + (6/(-3))/2. Let j(y) = 6*y**3 + 2*y**2 + 12*y - 52. What are the prime factors of j(d)?
2, 103
Let i be 12/3 + -13 + 5. Let o(t) = -16*t**3 + 25*t + 63. List the prime factors of o(i).
3, 7, 47
Let s be (-3)/(-4 - -1)*25. Suppose 20*d = 21*d - 27. Let t = d - s. What are the prime factors of t?
2
Suppose g - 247 = 3*q + 3779, g + 5*q - 4018 = 0. What are the prime factors of g?
3, 149
Suppose 9124 - 19529 = -14*y + 99803. What are the prime factors of y?
2, 3, 41
Let y(t) = -205*t - 490. Let q(g) = -12*g - 29. Let z(k) = 35*q(k) - 2*y(k). Suppose 62 - 2 = -4*l. What are the prime factors of z(l)?
5, 23
Suppose -320 = -5*k + k. Suppose -k = -l + 4*g - g, 5*g = 5*l - 400. Suppose -6 = d + 2*f - l, 289 = 4*d + f. List the prime factors of d.
2, 3
Let a(k) = k**3 - 27*k**2 - 5*k + 145. Let y be a(27). Suppose 4616 = y*g - 12544. List the prime factors of g.
2, 3, 11, 13
Let q(f) = -f**3 + 29*f**2 - 2*f + 56. Let x be q(29). List the prime factors of (1/(2/30))/(x/(-78)).
3, 5, 13
Suppose -r - 3 = 3. Let l(d) be the third derivative of 3*d**5/20 + 11*d**4/8 + d**3/6 + 13*d**2. What are the prime factors of l(r)?
127
Suppose -4*o = o - 15. Suppose -o*j + 730 + 798 = 5*s, 5*j - 4*s - 2559 = 0. Suppose 3*a + 112 = -2*c + j, 0 = a + 5*c - 146. List the prime factors of a.
131
Let i = 22 - -12. Let h(f) = f**3 + 2*f**2 + f. Let q be h(-1). Suppose -a + q*a = -i. List the prime factors of a.
2, 17
Let m = 90 - 90. What are the prime factors of (m + 3 + -65)/(2/(-11))?
11, 31
Suppose 3*z + 5*r - 43624 = 0, z = -89*r + 86*r + 14540. List the prime factors of z.
14543
Let c be 0 - 5 - (8 + -247). Suppose v - 764 + c = 0. What are the prime factors of v?
2, 5, 53
Let q = 85677 + -5877. What are the prime factors of q?
2, 3, 5, 7, 19
Let k be (0 + 596)*(4 - 4 - -8). Suppose -k = -0*q + 8*q. List the prime factors of q/(-6) - 2/(-3).
2, 5
Suppose -12804 = -26*q + 10934. Let k = 77 + q. What are the prime factors of k?
2, 3, 5, 11
Let f be ((-543)/12)/((-3)/(-12)). Let u = 408 + f. List the prime factors of u.
227
Let k = -512 - -522. Suppose -k*a + 4918 - 1158 = 0. What are the prime factors of a?
2, 47
Suppose -5*z + 516 = -9*z. Let u = z - -251. Suppose -3*p + u = -85. What are the prime factors of p?
3, 23
Let p(u) = 3*u**2 - 3*u + 5. Suppose 0 = 7*m + 45 - 3. Let j be (5 + 1)/(((-63)/m)/(-7)). What are the prime factors of p(j)?
5, 13
Suppose 5*x - 20 = 0, 0 = -3*k - 0*x + 5*x + 1513. Let p = k + -281. What are the prime factors of p?
2, 5, 23
Let l = 4645 + -4402. What are the prime factors of l?
3
Suppose -2*b + 3*i = 2*b - 15606, i = -b + 3891. List the prime factors of b.
3, 433
Suppose 23*o - 73997 - 8377 - 93438 = 0. What are the prime factors of o?
2, 3, 7, 13
Let d = -105 - -777. Let q(s) = -9*s**2 + 220*s + 134. Let x be q(25). Suppose 0 = -5*t - x*t + d. List the prime factors of t.
2, 3
Let d = 64 - 64. Suppose 3*v = 4*y - 180, 5*v - 4*v - 4 = d. Suppose 2*i - 4*i = -5*k + 240, -k = i - y. List the prime factors of k.
2, 3
Let r(l) = -l + 47. Let c be r(5). Suppose -7354 = c*h - 28270. What are the prime factors of h?
2, 3, 83
Let q be (-1924)/(-18) + (-356)/36 + 10. Suppose q = 2*z - 477. List the prime factors of z.
2, 73
Let z(p) = p**3 + 13*p**2 + 30*p + 5. Let k be z(-10). Suppose -3*h + 1373 = -k*u, 7*u = 6*u + 5. List the prime factors of h.
2, 233
Let p(o) be the third derivative of o**6/120 + 2*o**5/15 - 23*o**4/24 + o**3/2 + 2*o**2. Let h be p(-10). Suppose 4*u - h = u. What are the prime factors of u?
11
Suppose 102*f + 1696965 = -125*f + 9419505. What are the prime factors of f?
2, 3, 5, 7
Suppose 24*z - 187564 = 53636. What are the prime factors of z?
2, 3, 5, 67
Let u be (-42 - -41) + 2/((-2)/(-19)). Suppose -u*d + 38775 = 1587. List the prime factors of d.
2, 1033
Let l be 2*(-57)/(-30) + 8/(-10). Suppose -l*s = -1 - 86. Let y = s - -131. What are the prime factors of y?
2, 5
Let x(q) = -156*q - 172. Let z be x(-6). Let d = 1500 - z. List the prime factors of d.
2, 23
Let r(f) = 21*f + 3*f**2 + 5 - 27*f + 23 + 22*f. Let z be ((-14)/(-4))/(2/(-4)). What are the prime factors of r(z)?
3, 7
Let f = -7347 + 15870. List the prime factors of f.
3, 947
Suppose -x + 2951 = w - 4442, x + 22179 = 3*w. What are the prime factors of w?
7393
Suppose 0 = -2*t + 41 - 53. Let p(w) = -6*w**3 + 3*w**2 - 28*w - 3. What are the prime factors of p(t)?
3, 523
Let r(u) = -5*u**2 - u. Let x(t) = 11*t**2 + t + 1. Let y(f) = 13*r(f) + 6*x(f). Let j be y(7). List the prime factors of -9*(-4 - (2 + -2))*j.
2, 3
Let c be 147 + (-4)/(1 - (-4 - -3)). Suppose -4*s - 3*z + 613 = 0, -c = -2*s + s + 2*z. Suppose -3*t + 143 = -s. List the prime factors of t.
2, 7
Suppose -5*j + 40*k + 19621 = 41*k, -3*k = 2*j - 7838. What are the prime factors of j?
5, 157
Suppose 169*k = 170*k - 24. Let l be 4/3*(-108)/k. What are the prime factors of (-5)/((-9 - l) + 124/42)?
3, 5, 7
What are the prime factors of ((-10)/4 - -1)/(42/(-5292))?
3, 7
Suppose -2*z + 10*h - 6*h + 2656 = 0, 4*z = 5*h + 5330. List the prime factors of z.
2, 5, 67
Let u be (4/12)/((-4)/(-120)). Suppose 13*i - 12 = u*i. Suppose 0 = f - 2*h - 18, -i*f + 7 + 83 = h. What are the prime factors of f?
2, 11
Let v(q) = -50*q - 59. Let f(y) = -201*y - 233. Let s(h) = -2*f(h) + 9*v(h). What are the prime factors of s(-8)?
11, 29
Suppose 12932 + 68173 = 3*n - p, 4*n - 108140 = 3*p. What are the prime factors of n?
5, 5407
Suppose 7*w + 4*f = 4*w + 557, 3*w = 2*f + 545. Let z = 277 + w. List the prime factors of z.
2, 5, 23
Let r(d) = -d**2 - 10*d + 11. Let g be r(-11). Suppose -6*s + 175 - 37 = g. Suppose 2*k = -3*v + 328 - s, 4*v + 4*k = 408. List the prime factors of v.
101
Let j(k) = -k - 19. Let f be j(-9). Let q be 1249/8 - f/(-80). Let c = q - 85. List the prime factors of c.
71
Let n(b) = -2*b**2 - 3*b + 5. Let c be n(0). Suppose v - 6*v = -c*l + 1395, 1 = -v. List the prime factors of l.
2, 139
Let l be ((-20)/(-6))/(56/27468). Suppose 0 = -11*j + 16*j - l. What are the prime factors of j?
3, 109
Let j(u) = u**3 + 3*u**2 + 8*u - 4. Let o be j(-6). List the prime factors of 2/(-10) + (-26592)/o.
2, 83
List the prime factors of 16/12*(-2)/12 + (-5135240)/(-495).
2, 3, 7, 13, 19
What are the prime factors of (-1)/(-2 - 96890/(-48450))